what is 2720 + -4c?
26d4
In base 7, what is -30 - -10?
-20
In base 10, what is -5 - 36468?
-36473
In base 3, what is -1221 + -10222?
-12220
In base 8, what is 553211 - 12?
553177
In base 15, what is 133b1 - -4?
133b5
In base 7, what is -4030226 + -13?
-4030242
In base 6, what is -3424155 + 11?
-3424144
In base 11, what is -267653 + 4?
-26764a
In base 10, what is 227 + -314?
-87
In base 6, what is 1012043 - 42?
1012001
In base 10, what is -278739 + -3?
-278742
In base 7, what is 500423 + -1?
500422
In base 2, what is -10001110000010 - 1?
-10001110000011
In base 6, what is -1 + -43140344?
-43140345
In base 2, what is 1 + -1011110101000010?
-1011110101000001
In base 13, what is 3 - 3779?
-3776
In base 8, what is 13 - 7073?
-7060
In base 4, what is -112 + 101330?
101212
In base 13, what is 1 - -4a95?
4a96
In base 3, what is -201001 + 1020100?
112022
In base 4, what is -23230302 - 12?
-23230320
In base 16, what is -319c2 - 4?
-319c6
In base 16, what is -12 - -f3a?
f28
In base 16, what is 401 + 580?
981
In base 10, what is -2 - -28037?
28035
In base 12, what is 5 + 4b10?
4b15
In base 11, what is -11 - -33365?
33354
In base 10, what is -8 + -19661?
-19669
In base 4, what is 11 + -22223312?
-22223301
In base 13, what is 55 + -a7c?
-a27
In base 15, what is 1a - 477?
-45c
In base 11, what is 472 + -35?
438
In base 8, what is -2155 + -61?
-2236
In base 9, what is 0 + -1441?
-1441
In base 14, what is -27 + -b7a?
-ba3
In base 16, what is -26b70 + 1?
-26b6f
In base 7, what is 140250 - -35?
140315
In base 9, what is 38 - -20603?
20642
In base 14, what is 9 - 48b56?
-48b4b
In base 9, what is 21 - 6725?
-6704
In base 9, what is -24 - 171318?
-171343
In base 14, what is -15d54 - -2?
-15d52
In base 3, what is 1220110 - 1200?
1211210
In base 5, what is -103313 - 22?
-103340
In base 2, what is -10 - 100101111010011001?
-100101111010011011
In base 7, what is -62 + 4665?
4603
In base 13, what is b1 + 275?
356
In base 12, what is -21 - 6693?
-66b4
In base 13, what is 3 + 1981?
1984
In base 14, what is a76 + 1?
a77
In base 10, what is 411052 + -1?
411051
In base 4, what is 213320131 + -11?
213320120
In base 6, what is -215 + -21333?
-21552
In base 5, what is -31134 - 3?
-31142
In base 11, what is -1 - -5127a?
51279
In base 7, what is 245 - -45650?
46225
In base 6, what is 1435311 + 4?
1435315
In base 10, what is 39 - -370?
409
In base 14, what is 29571 - 0?
29571
In base 7, what is 22200 - -11?
22211
In base 6, what is 13 + -142?
-125
In base 16, what is -4 + -2a46?
-2a4a
In base 10, what is -20185 + 3?
-20182
In base 6, what is 225511 + -14?
225453
In base 12, what is -19 + -4793?
-47b0
In base 2, what is 11010100 + 1101011?
100111111
In base 8, what is 400460 + -2?
400456
In base 16, what is 10 + -3bac?
-3b9c
In base 3, what is -12211 + -101122201?
-101212112
In base 13, what is 23c2 - 4a?
2375
In base 4, what is -31 - 1223323?
-1230020
In base 12, what is 9 + 1541?
154a
In base 4, what is -101103 - 1200?
-102303
In base 16, what is a09 + 6?
a0f
In base 2, what is -101100101100110 + -1?
-101100101100111
In base 13, what is 875b + -3?
8758
In base 10, what is -219066 + 4?
-219062
In base 10, what is 33 + -2912?
-2879
In base 3, what is 110220211020 - -12?
110220211102
In base 2, what is 1001001010101100010 - 101?
1001001010101011101
In base 7, what is -621 + 66?
-522
In base 8, what is -12 - 415?
-427
In base 14, what is 2 - -3080d?
30811
In base 11, what is -44 + -1a729?
-1a772
In base 14, what is 1 - a170?
-a16d
In base 10, what is -17 + -1254?
-1271
In base 3, what is -1210221 - -1121?
-1202100
In base 2, what is -1100001001 - -1000110?
-1011000011
In base 3, what is 1120 - 1011110?
-1002220
In base 9, what is 3245 + -350?
2785
In base 15, what is -6a + -418?
-483
In base 9, what is -6 + 77883?
77876
In base 4, what is 32000 - -23?
32023
In base 5, what is -2 - 133140423?
-133140430
In base 10, what is 711390 + 1?
711391
In base 8, what is -12 - -446403?
446371
In base 8, what is 27457 + 2?
27461
In base 4, what is 111030021002 - -11?
111030021013
In base 10, what is -177126 + -34?
-177160
In base 6, what is 10152 - -2101?
12253
In base 5, what is -24443 - 13222?
-43220
In base 9, what is 14 + 5521?
5535
In base 9, what is 18 + 13787?
13816
In base 8, what is -34 - 62267?
-62323
In base 5, what is 2213414 + 2?
2213421
In base 6, what is 32 + 401120?
401152
In base 2, what is 10101100100 - -100?
10101101000
In base 3, what is -22221011 - 112?
-22221200
In base 16, what is 4366 - 2c?
433a
In base 11, what is 41 - -4a3?
534
In base 5, what is 10310 - 3243?
2012
In base 5, what is -1044102 - 12?
-1044114
In base 12, what is 85 - -83a?
903
In base 14, what is -4 - -67b1a?
67b16
In base 11, what is -139 + -279?
-407
In base 13, what is 3 - 317289?
-317286
In base 4, what is 11 - 123200?
-123123
In base 4, what is 311 + -11202?
-10231
In base 7, what is 5 - 1054413?
-1054405
In base 7, what is -32 + -3566?
-3631
In base 9, what is 375575 - -2?
375577
In base 6, what is 41545 + -512?
41033
In base 6, what is -2341241 + 4?
-2341233
In base 5, what is -1230414330 + 4?
-1230414321
In base 8, what is 4 + -1217766?
-1217762
In base 12, what is 1 + 1b3b9?
1b3ba
In base 15, what is -60b30 - 3?
-60b33
In base 4, what is 0 - -13202233?
13202233
In base 2, what is -10100 - -1010010011110?
1010010001010
In base 5, what is -10 - 20424?
-20434
In base 15, what is 113abe + -4?
113aba
In base 10, what is -172 + 8?
-164
In base 12, what is -12bba - -16?
-12ba4
In base 9, what is -6 + 3620?
3613
In base 12, what is -4 + 28a11?
28a09
In base 2, what is 11101 + 11000101010?
11001000111
In base 7, what is -310 + 2302?
1662
In base 8, what is 16504 - -5?
16511
In base 11, what is 79 + -126?
-58
In base 3, what is -10 + 2101210?
2101200
In base 11, what is 1028 - -3?
1030
In base 16, what is -5 - -254d?
2548
In base 14, what is 5b1 - -2dd?
8b0
In base 10, what is -4 + -374371?
-374375
In base 7, what is -1235304 - 3?
-1235310
In base 8, what is 2 + -352574?
-352572
In base 15, what is -114 - 115?
-229
In base 6, what is -4 + 55?
51
In base 16, what is d6 - -699?
76f
In base 10, what is 2139 - 115?
2024
In base 7, what is 4 - 246551?
-246544
In base 13, what is 81 - -156?
207
In base 4, what is -201310131 + 3?
-201310122
In base 4, what is -23223332 - 2?
-23230000
In base 13, what is 9b24 + -5?
9b1c
In base 10, what is 101353 - 1?
101352
In base 14, what is -131a + 106?
-1214
In base 14, what is c42 - 15?
c2b
In base 10, what is 12 - 21456?
-21444
In base 9, what is 2 - -577442?
577444
In base 9, what is 213 + 528?
742
In base 3, what is 11 + 201201102?
201201120
In base 6, what is -2 - 51342540?
-51342542
In base 7, what is -3 - 1201420?
-1201423
In base 9, what is 8 - -7033?
7042
In base 10, what is 971 + 8?
979
In base 2, what is -110010110011001110 + 1?
-110010110011001101
In base 12, what is -1 - 7302?
-7303
In base 13, what is -a3 + -cb?
-1a1
In base 2, what is 1 + 111000011010100111011?
111000011010100111100
In base 4, what is -130 + -1130333323?
-1131000113
In base 5, what is 23 - 4240132?
-4240104
In base 4, what is 1112 + -20001?
-12223
In base 13, what is 7 + 1aa40?
1aa47
In base 2, what is 0 + -11000100010100100001?
-11000100010100100001
In base 14, what is 5c + -189bc?
-18960
In base 12, what is -97b12 - 1?
-97b13
In base 3, what is -2 + -110221211022?
-110221211101
In base 13, what is 426 + -1a?
409
In base 4, what is -2323301022 + 0?
-2323301022
In base 8, what is 3 - 75404?
-75401
In base 8, what is 3 + -550114?
-550111
In base 10, what is -81 - 926?
-1007
In base 5, what is -23102 - -30?
-23022
In base 4, what is -23032 + 220320?
131222
In base 3, what is -1022 + -1112?
-2211
In base 12, what is 61 - -132?
193
In base 9, what is -6160 + -7?
-6167
In base 7, what is -1 + 1464?
1463
In base 11, what is -80947 - -2?
-80945
In base 7, what is -14 + 123525?
123511
In base 7, what is -54 + -6562?
-6646
In base 3, what is 110 - 102022?
-101212
In base 7, what is 33643 - 11?
33632
In base 15, what is -2abe26 + -5?
-2abe2b
In base 14, what is 2 + 209710?
209712
In base 11, what is 2 - -4279?
4280
In base 4, what is 100 + -11113?
-11013
In base 9, what is -10513175 + 3?
-10513172
In base 6, what is -15 + -5325202?
-5325221
In base 12, what is 4 - 27a5?
-27a1
In base 11, what is 5 - 